{"id":9,"date":"2009-12-29T15:00:55","date_gmt":"2009-12-29T14:00:55","guid":{"rendered":"http:\/\/zweifel-billard.ch\/?page_id=9"},"modified":"2014-07-03T21:46:59","modified_gmt":"2014-07-03T20:46:59","slug":"tucher","status":"publish","type":"page","link":"https:\/\/zweifel-billard.ch\/index.php\/tucher\/","title":{"rendered":"T\u00fccher"},"content":{"rendered":"<p><strong>Poolt\u00fccher<\/strong><\/p>\n<p>Ich verwende haupts\u00e4chlich Poolt\u00fccher der Firma <a title=\"Iwan Simonis\" href=\"http:\/\/iwansimonis.com\/\" target=\"_blank\">Iwan Simonis<\/a> in der Qualit\u00e4t 760 und 860. In Restaurants, Jugendh\u00e4usern und Spielsalons auch das fl\u00fcssigkeitsabweisende H2O.<\/p>\n<p>Auf Wunsch bestelle und montiere ich Ihnen aber auch jedes andere Tuch, wie z.B: Z9, Milliken Super Pro, Mali, Forstmann, Championchip, Corina, Speedball, Ren\u00e9 Dupond usw\u2026.<\/p>\n<p><strong><br \/> Snookert\u00fccher<\/strong><\/p>\n<p>Als Snookertuch empfehle ich das <a title=\"Strachan\" href=\"http:\/\/www.wsptextiles.com\/strachan-snooker-cloths\" target=\"_blank\">Strachan<\/a> \u201eWest of England\u201c 6811 Tournament von der Firma WSP Textiles. (ehemals Milliken)<\/p>\n<p>Alternativen: Hainsworth oder Simonis Snookert\u00fccher.<\/p>\n<p><strong><br \/> Carambolet\u00fccher<\/strong><\/p>\n<p>Ich empfehle und verwende haupts\u00e4chlich Carambolet\u00fccher der Firma <a title=\"Iwan Simonis\" href=\"http:\/\/iwansimonis.com\/\" target=\"_blank\">Iwan Simonis<\/a> in der Qualit\u00e4t 300 rapid<\/p>\n<p>Auf Wunsch bestelle und montiere ich Ihnen auch das Corina Tuch.<\/p>\n","protected":false},"excerpt":{"rendered":"<p>Poolt\u00fccher Ich verwende haupts\u00e4chlich Poolt\u00fccher der Firma Iwan Simonis in der Qualit\u00e4t 760 und 860. In Restaurants, Jugendh\u00e4usern und Spielsalons auch das fl\u00fcssigkeitsabweisende H2O. Auf Wunsch bestelle und montiere ich Ihnen aber auch jedes andere Tuch, wie z.B: Z9, Milliken Super Pro, Mali, Forstmann, Championchip, Corina, Speedball, Ren\u00e9 Dupond usw\u2026. Snookert\u00fccher Als Snookertuch empfehle ich &hellip; <a href=\"https:\/\/zweifel-billard.ch\/index.php\/tucher\/\" class=\"more-link\"><span class=\"screen-reader-text\">T\u00fccher<\/span> weiterlesen <span class=\"meta-nav\">&rarr;<\/span><\/a><\/p>\n","protected":false},"author":2,"featured_media":0,"parent":0,"menu_order":5,"comment_status":"closed","ping_status":"closed","template":"","meta":{"footnotes":""},"class_list":["post-9","page","type-page","status-publish","hentry"],"_links":{"self":[{"href":"https:\/\/zweifel-billard.ch\/index.php\/wp-json\/wp\/v2\/pages\/9","targetHints":{"allow":["GET"]}}],"collection":[{"href":"https:\/\/zweifel-billard.ch\/index.php\/wp-json\/wp\/v2\/pages"}],"about":[{"href":"https:\/\/zweifel-billard.ch\/index.php\/wp-json\/wp\/v2\/types\/page"}],"author":[{"embeddable":true,"href":"https:\/\/zweifel-billard.ch\/index.php\/wp-json\/wp\/v2\/users\/2"}],"replies":[{"embeddable":true,"href":"https:\/\/zweifel-billard.ch\/index.php\/wp-json\/wp\/v2\/comments?post=9"}],"version-history":[{"count":19,"href":"https:\/\/zweifel-billard.ch\/index.php\/wp-json\/wp\/v2\/pages\/9\/revisions"}],"predecessor-version":[{"id":2533,"href":"https:\/\/zweifel-billard.ch\/index.php\/wp-json\/wp\/v2\/pages\/9\/revisions\/2533"}],"wp:attachment":[{"href":"https:\/\/zweifel-billard.ch\/index.php\/wp-json\/wp\/v2\/media?parent=9"}],"curies":[{"name":"wp","href":"https:\/\/api.w.org\/{rel}","templated":true}]}}