{"id":53,"date":"2009-12-29T19:29:29","date_gmt":"2009-12-29T18:29:29","guid":{"rendered":"http:\/\/zweifel-billard.ch\/?page_id=53"},"modified":"2023-10-24T12:58:40","modified_gmt":"2023-10-24T11:58:40","slug":"pooltucher","status":"publish","type":"page","link":"https:\/\/zweifel-billard.ch\/index.php\/pooltucher\/","title":{"rendered":"Poolt\u00fccher"},"content":{"rendered":"<p>Ich verwende haupts\u00e4chlich Poolt\u00fccher der Firma <a title=\"Iwan Simonis\" href=\"http:\/\/iwansimonis.com\/\" target=\"_blank\" rel=\"noopener\">Iwan Simonis<\/a> in der Qualit\u00e4t 760 und 860. In Restaurants, Jugendh\u00e4usern und Spielsalons auch das fl\u00fcssigkeitsabweisende H2O.<\/p>\n<p>Auf Wunsch bestelle und montiere ich Ihnen aber auch jedes andere Tuch, wie z.B: Z9, Milliken Super Pro, Mali, Forstmann, Championchip, Corina, Speedball, Ren\u00e9 Dupond usw\u2026.<\/p>\n<hr \/>\n<p>\u00a0<strong>Farbmuster Simonis 760 \/ 860<br \/>\n<\/strong><\/p>\n<table border=\"0\">\n<tbody>\n<tr>\n<td><img loading=\"lazy\" decoding=\"async\" class=\" alignnone\" style=\"box-shadow: 4px 4px 10px grey; border-radius: 12px;\" src=\"https:\/\/zweifel-billard.ch\/wp-content\/uploads\/2014\/06\/yellow_green.gif\" alt=\"\" width=\"125\" height=\"86\" \/><\/td>\n<td><img loading=\"lazy\" decoding=\"async\" class=\" alignnone\" style=\"box-shadow: 4px 4px 10px grey; border-radius: 12px;\" src=\"https:\/\/zweifel-billard.ch\/wp-content\/uploads\/2014\/06\/yellow_green.gif\" alt=\"\" width=\"125\" height=\"86\" \/><\/td>\n<td><img loading=\"lazy\" decoding=\"async\" class=\" alignnone\" style=\"box-shadow: 4px 4px 10px grey; border-radius: 12px;\" src=\"https:\/\/zweifel-billard.ch\/wp-content\/uploads\/2014\/06\/yellow_green.gif\" alt=\"\" width=\"125\" height=\"86\" \/><\/td>\n<td><img loading=\"lazy\" decoding=\"async\" class=\" alignnone\" style=\"box-shadow: 4px 4px 10px grey; border-radius: 12px;\" src=\"https:\/\/zweifel-billard.ch\/wp-content\/uploads\/2014\/06\/yellow_green.gif\" alt=\"\" width=\"125\" height=\"86\" \/><\/td>\n<\/tr>\n<tr>\n<td><img loading=\"lazy\" decoding=\"async\" style=\"box-shadow: 4px 4px 10px grey; border-radius: 10px;\" src=\"https:\/\/zweifel-billard.ch\/wp-content\/uploads\/2014\/06\/blue_green.gif\" alt=\"\" width=\"125\" height=\"86\" \/><\/td>\n<td><img loading=\"lazy\" decoding=\"async\" style=\"box-shadow: 4px 4px 10px grey; border-radius: 10px;\" src=\"https:\/\/zweifel-billard.ch\/wp-content\/uploads\/2014\/06\/apple_green.gif\" alt=\"\" width=\"125\" height=\"86\" \/><\/td>\n<td><img loading=\"lazy\" decoding=\"async\" style=\"box-shadow: 4px 4px 10px grey; border-radius: 10px;\" src=\"https:\/\/zweifel-billard.ch\/wp-content\/uploads\/2014\/06\/english_green.gif\" alt=\"\" width=\"125\" height=\"86\" \/><\/td>\n<td><a href=\"https:\/\/zweifel-billard.ch\/wp-content\/uploads\/2015\/12\/olive_green1.gif\"><img loading=\"lazy\" decoding=\"async\" class=\" size-full wp-image-2736 alignnone\" style=\"box-shadow: 4px 4px 10px grey; border-radius: 10px;\" src=\"https:\/\/zweifel-billard.ch\/wp-content\/uploads\/2015\/12\/olive_green1.gif\" alt=\"olive_green1\" width=\"125\" height=\"87\" \/><\/a><\/td>\n<\/tr>\n<tr>\n<td><img loading=\"lazy\" decoding=\"async\" class=\" alignnone\" style=\"box-shadow: 4px 4px 10px grey; border-radius: 10px;\" src=\"https:\/\/zweifel-billard.ch\/wp-content\/uploads\/2014\/06\/dark_green.gif\" alt=\"\" width=\"125\" height=\"86\" \/><\/td>\n<td><img loading=\"lazy\" decoding=\"async\" style=\"box-shadow: 4px 4px 10px grey; border-radius: 10px;\" src=\"https:\/\/zweifel-billard.ch\/wp-content\/uploads\/2014\/06\/spruce.gif\" alt=\"\" width=\"125\" height=\"86\" \/><\/td>\n<td><img loading=\"lazy\" decoding=\"async\" class=\" alignnone\" style=\"box-shadow: 4px 4px 10px grey; border-radius: 10px;\" src=\"https:\/\/zweifel-billard.ch\/wp-content\/uploads\/2014\/06\/marine_blue.gif\" alt=\"\" width=\"125\" height=\"86\" \/><\/td>\n<td><img loading=\"lazy\" decoding=\"async\" class=\" alignnone\" style=\"box-shadow: 4px 4px 10px grey; border-radius: 10px;\" src=\"https:\/\/zweifel-billard.ch\/wp-content\/uploads\/2014\/06\/petrol_blue.gif\" alt=\"\" width=\"125\" height=\"87\" \/><\/td>\n<\/tr>\n<tr>\n<td><img loading=\"lazy\" decoding=\"async\" style=\"box-shadow: 4px 4px 10px grey; border-radius: 10px;\" src=\"https:\/\/zweifel-billard.ch\/wp-content\/uploads\/2014\/06\/royal_blue.gif\" alt=\"\" width=\"125\" height=\"87\" \/><\/td>\n<td><img loading=\"lazy\" decoding=\"async\" style=\"box-shadow: 4px 4px 10px grey; border-radius: 10px;\" src=\"https:\/\/zweifel-billard.ch\/wp-content\/uploads\/2014\/06\/electric_blue.gif\" alt=\"\" width=\"125\" height=\"83\" \/><\/td>\n<td><img loading=\"lazy\" decoding=\"async\" style=\"box-shadow: 4px 4px 10px grey; border-radius: 10px;\" src=\"https:\/\/zweifel-billard.ch\/wp-content\/uploads\/2014\/06\/tournament.gif\" alt=\"\" width=\"125\" height=\"87\" \/><\/td>\n<td><img loading=\"lazy\" decoding=\"async\" style=\"box-shadow: 4px 4px 10px grey; border-radius: 10px;\" src=\"https:\/\/zweifel-billard.ch\/wp-content\/uploads\/2014\/06\/powder_blue.gif\" alt=\"\" width=\"125\" height=\"87\" \/><\/td>\n<\/tr>\n<tr>\n<td><img loading=\"lazy\" decoding=\"async\" class=\" alignnone\" style=\"box-shadow: 4px 4px 10px grey; border-radius: 10px;\" src=\"https:\/\/zweifel-billard.ch\/wp-content\/uploads\/2014\/06\/red.gif\" alt=\"\" width=\"125\" height=\"87\" \/><\/td>\n<td><img loading=\"lazy\" decoding=\"async\" style=\"box-shadow: 4px 4px 10px grey; border-radius: 10px;\" src=\"https:\/\/zweifel-billard.ch\/wp-content\/uploads\/2014\/06\/burgundy.gif\" alt=\"\" width=\"125\" height=\"87\" \/><\/td>\n<td><img loading=\"lazy\" decoding=\"async\" style=\"box-shadow: 4px 4px 10px grey; border-radius: 10px;\" src=\"https:\/\/zweifel-billard.ch\/wp-content\/uploads\/2014\/06\/wine.gif\" alt=\"\" width=\"125\" height=\"87\" \/><\/td>\n<td><img loading=\"lazy\" decoding=\"async\" style=\"box-shadow: 4px 4px 10px grey; border-radius: 10px;\" src=\"https:\/\/zweifel-billard.ch\/wp-content\/uploads\/2014\/06\/fushia.gif\" alt=\"\" width=\"125\" height=\"87\" \/><\/td>\n<\/tr>\n<tr>\n<td><img loading=\"lazy\" decoding=\"async\" class=\" alignnone\" style=\"box-shadow: 4px 4px 10px grey; border-radius: 10px;\" src=\"https:\/\/zweifel-billard.ch\/wp-content\/uploads\/2014\/06\/purple.gif\" alt=\"\" width=\"125\" height=\"87\" \/><\/td>\n<td><img loading=\"lazy\" decoding=\"async\" style=\"box-shadow: 4px 4px 10px grey; border-radius: 10px;\" src=\"https:\/\/zweifel-billard.ch\/wp-content\/uploads\/2014\/06\/orange.gif\" alt=\"\" width=\"125\" height=\"87\" \/><\/td>\n<td><img loading=\"lazy\" decoding=\"async\" style=\"box-shadow: 4px 4px 10px grey; border-radius: 10px;\" src=\"https:\/\/zweifel-billard.ch\/wp-content\/uploads\/2014\/06\/camel.gif\" alt=\"\" width=\"125\" height=\"87\" \/><\/td>\n<td><img loading=\"lazy\" decoding=\"async\" style=\"box-shadow: 4px 4px 10px grey; border-radius: 10px;\" src=\"https:\/\/zweifel-billard.ch\/wp-content\/uploads\/2014\/06\/gold.gif\" alt=\"\" width=\"125\" height=\"87\" \/><\/td>\n<\/tr>\n<tr>\n<td><img loading=\"lazy\" decoding=\"async\" class=\" alignnone\" style=\"box-shadow: 4px 4px 10px grey; border-radius: 10px;\" src=\"https:\/\/zweifel-billard.ch\/wp-content\/uploads\/2014\/06\/chocolate.gif\" alt=\"\" width=\"125\" height=\"87\" \/><\/td>\n<td><img loading=\"lazy\" decoding=\"async\" style=\"box-shadow: 4px 4px 10px grey; border-radius: 10px;\" src=\"https:\/\/zweifel-billard.ch\/wp-content\/uploads\/2014\/06\/grey.gif\" alt=\"\" width=\"125\" height=\"87\" \/><\/td>\n<td><img loading=\"lazy\" decoding=\"async\" style=\"box-shadow: 4px 4px 10px grey; border-radius: 10px;\" src=\"https:\/\/zweifel-billard.ch\/wp-content\/uploads\/2014\/06\/slate_grey.gif\" alt=\"\" width=\"125\" height=\"84\" \/><\/td>\n<td><img loading=\"lazy\" decoding=\"async\" class=\" alignnone\" style=\"box-shadow: 4px 4px 10px grey; border-radius: 10px;\" src=\"https:\/\/zweifel-billard.ch\/wp-content\/uploads\/2014\/06\/black.gif\" alt=\"\" width=\"125\" height=\"87\" \/><\/td>\n<\/tr>\n<\/tbody>\n<\/table>\n<p>&nbsp;<\/p>\n<p>Bitte beachten Sie, dass sich die Farben auf dem Bildschirm zu den tats\u00e4chlichen Tuchfarben unterscheiden k\u00f6nnen.<\/p>\n","protected":false},"excerpt":{"rendered":"<p>Ich verwende haupts\u00e4chlich Poolt\u00fccher der Firma Iwan Simonis in der Qualit\u00e4t 760 und 860. In Restaurants, Jugendh\u00e4usern und Spielsalons auch das fl\u00fcssigkeitsabweisende H2O. Auf Wunsch bestelle und montiere ich Ihnen aber auch jedes andere Tuch, wie z.B: Z9, Milliken Super Pro, Mali, Forstmann, Championchip, Corina, Speedball, Ren\u00e9 Dupond usw\u2026. \u00a0Farbmuster Simonis 760 \/ 860 &nbsp; &hellip; <a href=\"https:\/\/zweifel-billard.ch\/index.php\/pooltucher\/\" class=\"more-link\"><span class=\"screen-reader-text\">Poolt\u00fccher<\/span> weiterlesen <span class=\"meta-nav\">&rarr;<\/span><\/a><\/p>\n","protected":false},"author":2,"featured_media":0,"parent":0,"menu_order":0,"comment_status":"closed","ping_status":"closed","template":"","meta":{"footnotes":""},"class_list":["post-53","page","type-page","status-publish","hentry"],"_links":{"self":[{"href":"https:\/\/zweifel-billard.ch\/index.php\/wp-json\/wp\/v2\/pages\/53","targetHints":{"allow":["GET"]}}],"collection":[{"href":"https:\/\/zweifel-billard.ch\/index.php\/wp-json\/wp\/v2\/pages"}],"about":[{"href":"https:\/\/zweifel-billard.ch\/index.php\/wp-json\/wp\/v2\/types\/page"}],"author":[{"embeddable":true,"href":"https:\/\/zweifel-billard.ch\/index.php\/wp-json\/wp\/v2\/users\/2"}],"replies":[{"embeddable":true,"href":"https:\/\/zweifel-billard.ch\/index.php\/wp-json\/wp\/v2\/comments?post=53"}],"version-history":[{"count":68,"href":"https:\/\/zweifel-billard.ch\/index.php\/wp-json\/wp\/v2\/pages\/53\/revisions"}],"predecessor-version":[{"id":3732,"href":"https:\/\/zweifel-billard.ch\/index.php\/wp-json\/wp\/v2\/pages\/53\/revisions\/3732"}],"wp:attachment":[{"href":"https:\/\/zweifel-billard.ch\/index.php\/wp-json\/wp\/v2\/media?parent=53"}],"curies":[{"name":"wp","href":"https:\/\/api.w.org\/{rel}","templated":true}]}}